*5/15 - t**4/8 - 2*t**3/3 - 17*t**2. Calculate o(5).
6
Let d = -4 + 2. Let t = 0 - d. Let r(p) = 8*p + 7. Let u(v) = 17*v + 15. Let b(n) = -13*r(n) + 6*u(n). Give b(t).
-5
Let q(l) = 5*l - 1. Suppose 4*b - 1 = 7. Give q(b).
9
Let q(l) = l**2 - 6*l - 1. Let p be ((-25)/(-5))/((-2)/(-2)). What is q(p)?
-6
Let p(v) = v**2 - 3*v + 4. Let k(c) = -2*c**3 + 1. Let y = 2 + 1. Let i = y + -4. Let b be k(i). Give p(b).
4
Let g(a) = 16 + 12*a**2 + 9*a**3 + 6*a - 8*a**3 - 5*a. Determine g(-12).
4
Let y(n) be the first derivative of -n**2/2 - n - 1. Let o be y(-2). Let j be -1*o - (3 - 1). Let x(q) = q**2 + 6*q - 1. Give x(j).
-10
Let r(f) be the second derivative of -2*f**3/3 + f**2/2 - 21*f. Determine r(-2).
9
Let o(i) = 1 + 0*i**3 - 7*i**2 + 6*i + 12*i**2 - i**3. Calculate o(6).
1
Let b(f) = f + 5. Suppose a - 4 = -9. Determine b(a).
0
Suppose 4*f = 29 + 3. Let k(z) = z - 7. Calculate k(f).
1
Let s = -18 + 18. Let a = 1 - -2. Let c(t) = s*t + a - 1 - t. Calculate c(2).
0
Let o(m) = 21*m - 7. Let g(d) = 20*d - 6. Let j(r) = -7*g(r) + 6*o(r). Determine j(-1).
14
Suppose 18 = 2*i + 3*v, -5*i + 0*v = 5*v - 35. Let r(p) = -4*p + p**2 + 11 + 3*p - 3 - 6. Give r(i).
8
Let f be 95/(-20) - (-3)/4. Let r(k) = k**3 + 5*k**2 + 2*k - 4. Let l be r(f). Suppose 3*h + l = -h. Let q(a) = 5*a + 1. What is q(h)?
-4
Let f(p) = 4*p**2 - 4*p + 3. Let u(s) = -3*s - 4. Let c be u(-2). Suppose 3*b - 10 = -r, -b + 14 = -c*b + 4*r. Give f(b).
11
Let v(x) = -4*x**3 - x**2 + 1. Suppose 3*i = -2*w + 22, 4 - 1 = 3*w - 3*i. Suppose -1 = w*l - 6. Determine v(l).
-4
Suppose -g + 15 = 4*g. Let d = -2 - g. Let q(j) = 4*j + 9 + 2*j**2 + 3*j - 2 + 4*j**2 + j**3. Determine q(d).
-3
Let y = 4 + 1. Suppose 1 - y = -2*w. Let j(a) = a - 1. Let z(k) = 7*k - 8. Let m(t) = 6*j(t) - z(t). Calculate m(w).
0
Suppose 0 = -t - 4*v - 19, 3*t - 3*v = 6*t + 21. Let c = 3 - 0. Let b(h) = 0*h - h**c - 2 - 2*h + 1 - 4*h**2. Determine b(t).
-4
Let d(z) = z - 1. Suppose 0*m - 3*m = 12. Let q be d(m). Let k(l) = l + 5. Determine k(q).
0
Let d(z) be the first derivative of 3*z**2/2 + 25. What is d(-3)?
-9
Let c be 1*-1*(-4 + 1). Let g(x) = x**3 - 4 + 0*x**c + 10 + x + 9*x**2 - 4*x**2. Let z be g(-5). Let j(s) = -6*s. Calculate j(z).
-6
Suppose -3*s - 5*q + 30 = 0, -2*s + 2*q = -2*q + 2. Let m(r) = r - 7. Let j be m(s). Let l(p) = -5*p - 3. What is l(j)?
7
Let c = 1 - -2. Let f(u) = -u**2 + 1 + c - 2. Let s = 12 - 10. What is f(s)?
-2
Let n be 4*((-10)/(-5))/(-4). Let x(j) = j**3 + 3*j**2 + 4*j + 2. Calculate x(n).
-2
Let r be 2*(-2*1 + 7). Suppose 4*u = u + i - r, -i - 2 = 0. Let c(f) be the third derivative of -f**6/120 - f**5/15 - f**4/24 - f**3/3 + 23*f**2. Give c(u).
2
Let m(h) be the second derivative of h**3/3 + 7*h**2/2 + 74*h. Suppose 5*z - 4*z + 6 = 0. What is m(z)?
-5
Let m be 6/(-36)*1/(-2). Let a(h) be the second derivative of 2*h**2 - m*h**4 - 1/2*h**3 - 2*h + 0. Give a(-3).
4
Let q be 2/3 - ((-5)/(-6))/5. Let s(g) be the second derivative of 0 + g - 1/2*g**2 - q*g**3. What is s(2)?
-7
Let y(l) = -4 - 38*l + 16*l + 21*l. Calculate y(-5).
1
Suppose -12*u = u - 78. Let s(y) = y - 5. Determine s(u).
1
Let b(z) = z - 5. Let p(d) = 2*d - 9. Let m(x) = 7*b(x) - 3*p(x). Give m(0).
-8
Let q(x) = x**3 - 3*x**2 + 2*x - 4. Let b be q(3). Let y(w) = 0 + 2*w + 5 - b. Give y(-2).
-1
Let m(i) be the third derivative of i**9/60480 + i**8/3360 + i**7/720 + i**6/180 + i**5/30 - 2*i**2. Let n(v) be the third derivative of m(v). Give n(-4).
8
Let k(m) = -m. Let t(b) = 8*b + 1. Let z(q) = -6*q. Let s be z(1). Let g(o) = s*k(o) - t(o). Let i = 54 + -51. Give g(i).
-7
Let b(w) be the third derivative of -w**7/5040 - w**6/240 + 7*w**5/60 + 2*w**2. Let u(j) be the third derivative of b(j). Calculate u(-4).
1
Let l(i) = -i - 4. Let y = 16 + -16. Determine l(y).
-4
Suppose -4*x = q + 12 + 17, -40 = 5*x + 5*q. Let h(n) = -n**3 - 8*n**2 - 7*n + 1. Give h(x).
1
Let n be (3 - 7)*5/4. Let g(b) = -2*b**3 + 4 - 128*b + 129*b + 5*b**2 + 3*b**3. Calculate g(n).
-1
Suppose -2*y + 6 = y. Let v(h) = 3*h - 2. Give v(y).
4
Suppose 4*u - 4 - 8 = x, -2*x - 9 = -3*u. Suppose u*d - 11 = -14. Let r(v) = -v**2 + v. Determine r(d).
-2
Let k = 27 + -25. Let b(h) = -h - 2. Give b(k).
-4
Let z be 6/(-2) + 2 + 28. Let o(c) = z*c**2 - 5*c**3 - 27*c**2 - 1 - 2*c. Give o(-1).
6
Let a(k) be the third derivative of 5*k**4/24 - k**3/6 - 23*k**2. Calculate a(5).
24
Let c(o) = 3*o + 7. Let k be (1/(-3))/((-2)/12). Let t(b) = b - 2. Let p be t(k). Suppose -r = 5 - p. Calculate c(r).
-8
Let p(w) = -w**2 - 19*w - 5. Let b be p(-19). Let d(o) be the first derivative of o**3/3 + 3*o**2/2 - 5*o - 1. Determine d(b).
5
Let t(g) be the second derivative of -4*g**2 + 1/2*g**4 - 1/6*g**3 - 2*g + 0 + 1/20*g**5. Determine t(-6).
-2
Let p(s) be the second derivative of 0 - 1/24*s**4 - 3*s + s**2 - 1/3*s**3. Let o(y) be the first derivative of p(y). What is o(-5)?
3
Let b be (-3 + (-294)/(-100))*(-10)/72. Let x(l) be the third derivative of -4*l**2 + 0*l + b*l**6 + 0 + 0*l**3 + 1/12*l**5 - 1/12*l**4. Give x(-5).
10
Let v(x) = 22*x + 1 + 13*x - 48*x + 12*x. Determine v(-3).
4
Let t(q) = -q**3 - 7*q**2 - 5*q + 6. Let a(p) = -p**3 - 3*p**2 - p - 3. Let x be a(-3). Suppose 4*u = -j - x*j - 22, -3*u = 3*j + 30. Give t(j).
0
Let y(r) = -r**3 + 9*r**2 + 9*r + 6. Suppose 3*l - 64 = -5*x - 5, 29 = 2*x + 3*l. What is y(x)?
-4
Let n(w) = w**2 + 8*w + 3. Let k = -1 + -3. Let y(l) = l**2 + 7*l + 2. Let o(h) = k*y(h) + 3*n(h). Give o(-6).
-11
Let s(g) = g**2 + 8*g**2 + g**3 + g - 7 - 3*g**2. Determine s(-6).
-13
Let g(v) = -v**2 - 2*v - 1. Suppose 0 = -2*k + 2*z + 54, 131 = 7*k - 2*k - z. Suppose 2*u + 4*f = -k, -u - 9 = -f + 2*f. Determine g(u).
-16
Let q be (-8)/4 + (-5 - 3)/(-4). Let r(l) = 10*l**3 - 3*l**2 + 4*l + 25. Let w(y) = -7*y**3 + 2*y**2 - 3*y - 17. Let u(b) = -5*r(b) - 7*w(b). Calculate u(q).
-6
Let x(m) be the third derivative of m**4/8 + 5*m**3/3 - 30*m**2. Determine x(-7).
-11
Let j(i) be the third derivative of 0*i + 0 - 4*i**2 - 1/4*i**4 + 1/6*i**3. Determine j(1).
-5
Let c(m) be the second derivative of -m**5/20 + m**4/3 - m**3/3 - m**2/2 - 4*m. Let a be c(2). Let s(o) = 2*o**2 - 5*o + 2. Give s(a).
5
Suppose -20 = 4*i - 8. Let c(s) = 0*s**2 + 2 - s**2 + 3 - 2 - 5*s. What is c(i)?
9
Let v(b) = -b**3 + 4*b**2 + 3*b + 6. Let i = -64 - -69. Give v(i).
-4
Let b(r) = -r**3 + r**2 - 2*r + 1. Let i(u) = -u**2 - 12*u - 10. Let c be i(-11). Give b(c).
-1
Let p(o) be the second derivative of -o**4/6 - o**3/2 - o**2/2 - 6*o. What is p(-2)?
-3
Let d = 87 - 93. Let f(n) = -n - 3. Calculate f(d).
3
Let l be 2 + 10/(-2) + 8/2. Let a(g) = -g + 1. Determine a(l).
0
Let n(s) = s**3 + s**2 - 5*s + 2. Let v(o) = -4*o**3 - 2*o**2 + 14*o - 5. Let w(m) = 8*n(m) + 3*v(m). Determine w(-1).
5
Let o(f) = 3*f + f**3 - 4*f + 0*f + 9*f**2 + 2*f + 5. Give o(-9).
-4
Let a(y) = 1 + 2*y - 2 + y**2 - y. Let o(r) = 5*r - 2 + 0*r - 7*r. Let q be o(-2). What is a(q)?
5
Let n(i) be the third derivative of 0*i + 1/30*i**5 + 1/6*i**3 + 0 - 2*i**2 + 1/12*i**4. What is n(-2)?
5
Let o(a) be the second derivative of a**3/6 + 5*a. Let f(v) = v**3 - 6*v**2 + 7*v - 6. Let h be f(4). Let x be (-1)/4 + h/(-8). Give o(x).
1
Let g(k) = -2*k + 3. Let u = 81 + -79. What is g(u)?
-1
Let z(h) = 15*h + 8. Let q(u) = 5*u + 3. Let c(k) = -11*q(k) + 4*z(k). Determine c(-1).
-6
Let l be 1 + (-73 + -2)/(-3). Suppose 2*w + 10*t + 20 = 5*t, -4*w - l = 3*t. Let g(i) = -i + 2. Calculate g(w).
7
Let i(n) be the third derivative of -n**4/24 + 5*n**3/6 + 13*n**2. Determine i(-6).
11
Let x(m) = 2 + 0*m**2 - m**2 - m - 4. Let y = 22 + -22. Determine x(y).
-2
Let r be (0 + -3 - -2) + 0. Let f = 1 - r. Let n(m) = m**2 - 2*m + 3*m**2 + 3 - 3*m**2. Give n(f).
3
Let y(h) = h**3 + 4*h**2 - 5*h - 3. Suppose -2*j - j + 9 = 0. Suppose j*w - 5 - 15 = o, 4*o - w = -25. What is y(o)?
-3
Let k(r) = 5*r**2 + 2*r**3 + 3 - 3*r**3 - 63*r + 59*r. Calculate k(3).
9
Let r(z) = -13*z**2 - 6*z - 5. Let w(v) = -27*v**2 - 13*v - 11. Let s(l) = 13*r(l) - 6*w(l). Give s(-1).
-6
Let a = -14 - -28. Suppose 3*n - a = -4*z, n = -3*z - 1 + 9. Let d(q) = 1 - 3*q**n + 3*q**2 + q**3. Calculate d(0).
1
Let g(j) = -j**2 + 6*j - 3. Let f be g(3). Let q(w) be the second derivative of -w**4/12 + 4*w**3/3 - 5*w**2/2 + 35*w. Determine q(f).
7
Let k(l) be the first derivativ